-50) + 1966861/95?
0
Let g be ((-80)/56)/(2/56*-2). Suppose g*a = -8*a + 13804. What is the units digit of a?
3
Let s = -791 + 548. Let h = -112 - s. What is the hundreds digit of h?
1
Let d be 20*3/18 + 2/3. Let u be 1/d - (-56)/32. Let i = u + 25. What is the units digit of i?
7
Suppose -3*w + 4*x + 5 = 0, 4*x - 7 = -0*w - w. Let q(m) = -4*m**2 + 4*m + 1 + w*m**3 + 3*m + 1 - 3*m. What is the units digit of q(4)?
6
Suppose -5893 + 69793 = 18*z. What is the thousands digit of z?
3
Let n = 463 + 44. Suppose -3*x + n = 147. Suppose 5*w - x = 220. What is the tens digit of w?
6
Suppose 3*s - 2*o = 214560, 86*s - 87*s + 71498 = 3*o. What is the ten thousands digit of s?
7
Suppose 338 = -39*m + 13*m. Let p = 3 + -2. What is the hundreds digit of -3 + ((-9)/p)/(1/m)?
1
What is the tens digit of (-2244580)/(-80) + (-15)/12?
5
Suppose -110*s + 116*s = 18. What is the tens digit of (s - -302)*9/5 + 5?
5
Suppose -8 = -19*s + 30. Suppose s*n + 0*n - 946 = -2*r, -r = 5*n - 477. What is the tens digit of r?
7
Let a(x) = x**2 + 15*x - 5. Let h be a(6). Let b = -11 - 19. Let u = h + b. What is the tens digit of u?
9
Let h = 19 - 9. Suppose 0 = -2*q + h*q - 824. Suppose -25 = f - q. What is the tens digit of f?
7
Let j = 258 + -252. Suppose -11634 = j*c - 20*c. What is the units digit of c?
1
Suppose -4*u + 19 = -4*s - 13, -5*s = 25. Suppose u*k - 1421 - 3264 = -4*t, 4*t - 4725 = 5*k. What is the tens digit of t?
7
What is the hundreds digit of 7/(-105)*(-135)/18 + (-29609)/(-2)?
8
Let v be 172/(-23 + 30 - (0 + 5)). Suppose 3403 = 5*b + w, b - 585 = 3*w + v. What is the units digit of b?
0
Let t be (4 - (-46)/(-11)) + 12/66. What is the hundreds digit of t/3 + (8 - -155)?
1
Let s = -589 - -592. Suppose s*x - 1688 = -2*p, 6*x - 11*x + 2*p = -2840. What is the hundreds digit of x?
5
Let f be (4 + -11)*(-2)/7. Let g(l) = 91*l + 0*l**3 - 3*l**3 + 15*l**f - 93*l + 45 + 2*l**3. What is the hundreds digit of g(14)?
2
Let t(a) = 42*a**2 - 12*a - 2 + 181*a**2 - 67*a**2 + 23. What is the tens digit of t(2)?
2
Suppose -o = 5*s - 12248, -5*o + 61366 = -0*o + 4*s. What is the units digit of o?
8
What is the units digit of 88 - 85 - (-61998)/(-9)*1*-3?
9
Let k be (-76)/(-14) - ((-38)/(-7) + -5). Suppose u = 3*u - 4*d - 1146, -545 = -u - k*d. What is the tens digit of u?
6
Let r = 94947 + -53123. What is the ten thousands digit of r?
4
Suppose 0 = 5*h + 4*l + 13, 6*h + 3*l = 8*h + 19. Let f(n) = -37*n + 32. What is the units digit of f(h)?
7
What is the thousands digit of (-343536)/(-240) + 15/25?
1
Suppose 4*p - p = -2*m + 17, 0 = -3*p - 3. What is the units digit of m/(-135) - 29324/(-27)?
6
Suppose -t + 30025 = -3*p, -3*t + 158*p = 163*p - 90131. What is the tens digit of t?
3
Let a(o) = -14*o + 10. Let i(k) = 9*k - 8. Let n(b) = 6*a(b) + 4*i(b). Suppose 4*p + 4 = -q, p = -5*q + 1 - 21. What is the units digit of n(q)?
0
Suppose -26*f + 50291 = -71337. What is the hundreds digit of f?
6
Let w(g) = -g**2 + 4*g - 5. Let f be w(4). Let r be (-22 - -9) + 9 + -4. What is the tens digit of f/(-3)*(2 + (-80)/r)?
2
Suppose -16*l - 56 = -18*l. Let y = 47 + l. What is the tens digit of y?
7
Suppose 3*t = -3*t + 11448. Let g = t + -538. Suppose -13*x + g = -3*x. What is the tens digit of x?
3
Suppose -56*c = -k - 55*c + 12010, 3*k = -c + 36022. What is the ten thousands digit of k?
1
Let u(r) = 49*r**2 + 11*r - 408. What is the units digit of u(-15)?
2
Suppose 61*j = 65*j - c - 111785, 2*j = -4*c + 55888. What is the units digit of j?
6
Suppose 182*v + 2 = 183*v. What is the units digit of (5 + -7)*(-1)/v?
1
Suppose 2*c - 51 = -c + 5*i, 4*c = -3*i + 39. Suppose 3*r + 3 = c. Suppose -r*s - 65 = -509. What is the tens digit of s?
4
Suppose -14941 - 4445 = -4*h + 2*i, -5*h = -5*i - 24225. Suppose -1053 = -21*y + h. What is the tens digit of y?
8
Let x = 426 - -3604. Suppose 0 = 12*l - x - 206. What is the units digit of l?
3
Let n(a) = 21*a**2 - 2*a - 2. Let v(c) = c**2 + c - 2. Let m be 4/(-18) + 18/81. Let r be v(m). What is the tens digit of n(r)?
8
Suppose -8*o = -101 - 27. What is the units digit of 3 + 165/9 + o/24?
2
Let h(o) = -21*o**2 - 5*o + 1. Let f be h(2). Let g = f + 101. Let z = -1 + g. What is the units digit of z?
7
Let o(f) = 2*f**2 - 49*f + 22884. What is the units digit of o(0)?
4
Let p(o) = 9*o + 4. Let d(z) = 10*z + 3. Let r(w) = 2*d(w) - 3*p(w). Let m be r(-7). Suppose -4*k - m = -f, -f + 4*k = 2*f - 145. What is the units digit of f?
1
Suppose 3*q + 4*h - 7*h = 17493, -3*q = 3*h - 17463. What is the units digit of q?
6
Suppose -18*x + 6432 = -3990. What is the tens digit of (-7)/((-21)/x)*1?
9
Suppose 13 = -0*x + x + 3*f, x = 2*f - 12. Let u(k) = 3*k**3 + 2*k**2 + 4*k + 3. Let c be u(x). What is the units digit of ((-69)/(-8)*-2)/(c/168)?
8
Let o(z) = 2*z**2 - 63*z - 28. Let v be o(32). Suppose 0 = -q + 5*g - 0*g + 860, 0 = -v*q - 5*g + 3390. What is the units digit of q?
0
Let s = -12 + 8. Let t(y) = y**3 + 7*y**2 - 10*y - 10. Let r be t(-8). What is the tens digit of 3/(r/4) + (76 - s)?
8
Let u(h) = 19*h + 328. Let i be u(-17). Suppose -i*j + 5*d = 6*d - 1441, 301 = j - 3*d. What is the tens digit of j?
8
What is the tens digit of (-10274)/4*21/((-231)/22)?
3
Suppose 0 = 5*m - 3*t, -m = m - 2*t + 4. Suppose 3*k + 2 = j + j, -m*k + j - 4 = 0. What is the units digit of (-107)/k*(11 - 9)?
7
Suppose m - 5*o - 72 = 0, 4*o - 24 = 2*m - 198. Let y be 6/27 - m/(-9)*1. Suppose -3*l + 229 + y = 0. What is the units digit of l?
0
Let d(c) = 2*c**2 + 16*c + 11. Let w be d(-10). Suppose 2*f - 85 = w. Let n = f + -60. What is the units digit of n?
8
Let h(o) = 12*o + 124. Let k be h(-12). What is the hundreds digit of 25/k*-4 - (3 - 306)?
3
Suppose -183*l = -171*l - 70008. What is the thousands digit of l?
5
Let v = -47 - -47. Let q be (v - 3)*(-36)/54. Suppose 2*o + o + 309 = 3*u, -176 = -q*u - 4*o. What is the tens digit of u?
9
Suppose -5*r + 5*m - 2*m + 23 = 0, -2*r - 4*m = -4. Suppose -52*l + 53*l = r. What is the hundreds digit of (38/l + -2)/(9/120)?
1
Suppose 5*y + 5*k = 3695, -4*y + 715 = -2*k - 2211. Suppose 4*o - 1226 - y = 0. What is the hundreds digit of o?
4
Let n(k) = 1570*k + 1. Let z be n(1). Suppose -5*f = 319 + z. What is the units digit of (-9 + -1)*f/28?
5
Suppose n = -5*x + 15, n + 5*x - 3*x = 9. Suppose 0 = -g + 5*a + 1372, 0 = -n*g - 5*a + 2965 + 3955. What is the thousands digit of g?
1
Let x = -51 - -60. Suppose -x*b + 2770 = b. Suppose 3*z - 4*r - b = 0, r + 391 = z + 3*z. What is the tens digit of z?
9
Suppose 0 = -77*g + 631721 - 152858. What is the units digit of g?
9
What is the units digit of ((-1)/3)/(31/(-93))*(-2 + 52836)?
4
What is the thousands digit of 2647 - 105/(-70)*10/(-3)?
2
Suppose -901*i + 331*i + 6328623 = -27515127. What is the hundreds digit of i?
3
Let w(y) = 2*y + 5. Suppose 5*u = 21 - 6. Let g be w(u). Suppose -104 = -t - 5*x, -g*x = -6*x. What is the hundreds digit of t?
1
Let f = -253 - -527. Suppose -5*r - 2*k + 1351 = -k, r = -4*k + f. What is the hundreds digit of r?
2
Let y = -149479 - -225602. What is the units digit of y?
3
Let b = -1306 - -11087. Suppose b = 5*z + u, 4*u + 8356 = 4*z + 536. What is the hundreds digit of z?
9
Let r = 699 + 466. Let w = r - 232. What is the units digit of w?
3
Let b(w) = 11 - 4*w + 17*w - 10*w - 6*w. Let i be b(2). Suppose 0 = -2*o + 113 + i. What is the tens digit of o?
5
Let c(r) = 7*r**2 + 65*r - 259. Let y(z) = 20*z**2 + 194*z - 776. Let j(t) = 17*c(t) - 6*y(t). What is the tens digit of j(-35)?
9
Suppose -41*p - 18*p + 2320890 = -4*p. What is the thousands digit of p?
2
Let o(w) = 2 + 6*w**3 - 6 + 3*w + 5*w**2 - 4*w**2. Let k be o(2). Suppose k = -0*z + 3*z. What is the tens digit of z?
1
Suppose -4*d + 4*h + 4 = 0, -d + 4*h - 1 - 7 = 0. Let m be (-2)/16*2 - (-1321)/d. Suppose -4*s - m = -794. What is the hundreds digit of s?
1
Suppose -18*k = 3584 - 70886. What is the thousands digit of k?
3
Let v = -6860 + 15189. What is the hundreds digit of v?
3
Let x(u) = 6 + 49*u**2 - 50*u**2 + 7. Let f be x(-4). What is the tens digit of (-18 - (-5 - -3))*f?
4
Let v(u) = u**2 - 12*u + 26. Suppose 5 = -m + 9. Let y be ((-4)/(-10))/(m/120). What is the units digit of v(y)?
6
Let r(f) = -2038*f - 48. What is the hundreds digit of r(-2)?
0
Let r(d) = 10*d**3 - 57*d**2 - 24*d - 81. What